{"id":2142,"date":"2018-02-19T12:46:05","date_gmt":"2018-02-19T12:46:05","guid":{"rendered":"https:\/\/mariaosso.cat\/escola\/2-llengua-anglesa-i-clil\/"},"modified":"2024-04-13T10:51:52","modified_gmt":"2024-04-13T10:51:52","slug":"2-llengua-anglesa-i-clil","status":"publish","type":"page","link":"https:\/\/mariaosso.cat\/escola\/2-llengua-anglesa-i-clil\/","title":{"rendered":"2. Llengua Anglesa i Clil"},"content":{"rendered":"\t\t<div data-elementor-type=\"wp-page\" data-elementor-id=\"2142\" class=\"elementor elementor-2142\">\n\t\t\t\t<div class=\"elementor-element elementor-element-5196d307 e-flex e-con-boxed e-con e-parent\" data-id=\"5196d307\" data-element_type=\"container\">\n\t\t\t\t\t<div class=\"e-con-inner\">\n\t\t\t\t<div class=\"elementor-element elementor-element-1c273666 elementor-widget elementor-widget-text-editor\" data-id=\"1c273666\" data-element_type=\"widget\" data-widget_type=\"text-editor.default\">\n\t\t\t\t<div class=\"elementor-widget-container\">\n\t\t\t<style>\/*! elementor - v3.21.0 - 25-04-2024 *\/\n.elementor-widget-text-editor.elementor-drop-cap-view-stacked .elementor-drop-cap{background-color:#69727d;color:#fff}.elementor-widget-text-editor.elementor-drop-cap-view-framed .elementor-drop-cap{color:#69727d;border:3px solid;background-color:transparent}.elementor-widget-text-editor:not(.elementor-drop-cap-view-default) .elementor-drop-cap{margin-top:8px}.elementor-widget-text-editor:not(.elementor-drop-cap-view-default) .elementor-drop-cap-letter{width:1em;height:1em}.elementor-widget-text-editor .elementor-drop-cap{float:left;text-align:center;line-height:1;font-size:50px}.elementor-widget-text-editor .elementor-drop-cap-letter{display:inline-block}<\/style>\t\t\t\t<h1 class=\"\\&quot;h1-educatiu\\&quot;\">Llengua Anglesa<\/h1><p><img decoding=\"async\" class=\"alignnone size-full wp-image-2206\" src=\"https:\/\/mariaosso.cat\/escola\/wp-content\/uploads\/2018\/02\/ico-4.jpg\" alt=\"\" width=\"80\" height=\"79\" \/>Actualment, vivim en un m\u00f3n totalment globalitzat on tots estem connectats. \u00c9s per aix\u00f2 que aprendre idiomes constitueix una gran eina a l\\&#8217;hora de progressar com a estudiant i professional. L\\&#8217;aprenentatge d\\&#8217;altres idiomes permet enriquir la vida, experimentar noves idees, exercitar la ment i beneficiar-se de la diversitat cultural mundial. Tanmateix, brinda beneficis per a la salut del nostre cervell, entre ells, la millora de les funcions cognitives, la intel\u00b7lig\u00e8ncia, la percepci\u00f3 i la mem\u00f2ria.<\/p><p>L\u2019escola Maria Oss\u00f3 ha participat en diversos projectes europeus (Comenius, Da Vinci i Erasmus), hem estat seleccionats en dues ocasions per portar a terme Plans Experimentals de Lleng\u00fces Estrangeres (PELE), hem obtingut beques per a que el nostre alumnat de 6\u00e8 fos beneficiari d\u2019unes Estades Ling\u00fc\u00edstiques atorgades pel Ministeri d\u2019Educaci\u00f3, hem gaudit d\u2019auxiliars de conversa, hem rebut la visita de v\u00e0ries escoles estrangeres pioneres en l\u2019AICLE als seus pa\u00efsos d\u2019origen (Finl\u00e0ndia i Romania), i hem tingut el privilegi de rebre a la nostra escola la visita personal de l\u2019expert pioner en CLIL David Marsh.<\/p><p><img fetchpriority=\"high\" decoding=\"async\" class=\"alignnone size-medium wp-image-2146\" src=\"https:\/\/mariaosso.cat\/escola\/wp-content\/uploads\/2018\/02\/marsh-274x300.jpg\" alt=\"\" width=\"274\" height=\"300\" srcset=\"https:\/\/mariaosso.cat\/escola\/wp-content\/uploads\/2018\/02\/marsh-274x300.jpg 274w, https:\/\/mariaosso.cat\/escola\/wp-content\/uploads\/2018\/02\/marsh.jpg 468w\" sizes=\"(max-width: 274px) 100vw, 274px\" \/><\/p><p>A l\u2019escola treballem l\u2019\u00e0rea de LLENGUA ANGLESA a Educaci\u00f3 Infantil i Prim\u00e0ria, donant-li a la llengua estrangera un \u00fas funcional, \u00fatil i significatiu sense oblidar aplicar els principis de motivaci\u00f3, globalitat i atenci\u00f3 a la diversitat. El nostre objectiu \u00e9s que els i les alumnes adquireixin coneixement en el funcionament de l\u2019angl\u00e8s pel que fa als seus aspectes de gram\u00e0tica, fon\u00e8tica i vocabulari per tal de poder establir comunicaci\u00f3 en aquesta llengua.<\/p><p><img decoding=\"async\" class=\"alignnone size-medium wp-image-2149\" src=\"https:\/\/mariaosso.cat\/escola\/wp-content\/uploads\/2018\/02\/foto-projecte2-300x294.jpg\" alt=\"\" width=\"300\" height=\"294\" srcset=\"https:\/\/mariaosso.cat\/escola\/wp-content\/uploads\/2018\/02\/foto-projecte2-300x294.jpg 300w, https:\/\/mariaosso.cat\/escola\/wp-content\/uploads\/2018\/02\/foto-projecte2.jpg 419w\" sizes=\"(max-width: 300px) 100vw, 300px\" \/><\/p><p>Tanmateix, a l\u2019Escola Maria Oss\u00f3 anem m\u00e9s enll\u00e0 en l\u2019\u00fas de la llengua anglesa i tenim establert l\u2019ensenyament de diferents continguts curriculars a Educaci\u00f3 Prim\u00e0ria on treballem mitjan\u00e7ant la metodologia CLIL o AICLE (Aprenentatge Integrat de Continguts i Llengua Estrangera). Aix\u00ed doncs, una part del curr\u00edculum de l\u2019\u00e0mbit de Ci\u00e8ncies i Matem\u00e0tiques s\u2019imparteixen en angl\u00e8s, de 1r fins a 6\u00e8 de Prim\u00e0ria, en grups redu\u00efts i amb mestres formats pel Departament d\u2019Ensenyament en la metodologia CLIL, un enfoc pedag\u00f2gic que aposta pel treball cooperatiu, manipulatiu i competencial. A m\u00e9s, i com a novetat, incorporem les Science de 1r i 2n de Prim\u00e0ria a la metodologia dels Ambients d\u2019aprenentatge.<\/p><p>Entre les activitats complement\u00e0ries que realitzem cada any en llengua anglesa al llarg d\u2019Infantil i Prim\u00e0ria hi ha l\u2019assist\u00e8ncia a obres de teatre en angl\u00e8s, tallers de danses tradicionals d\u2019Esc\u00f2cia, confer\u00e8ncies de familiars voluntaris que fan una xerrada en angl\u00e8s a Cicle Superior, intercanvi de cartes manuscrites amb alguna escola estrangera, aprenentatge d\u2019una can\u00e7\u00f3 en angl\u00e8s pel concert de Nadal, participaci\u00f3 a l\u2019activitat interescolar organitzada pel CRP del Garraf \u201cFEM UN CONTE PER St. JORDI\u201d en la seva secci\u00f3 anglesa, elaboraci\u00f3 d\u2019un text literari en angl\u00e8s pels tallers anuals de St.Jordi a l\u2019escola, treball en angl\u00e8s a determinats tallers internivells del Dia d\u2019Europa, i d\u2019altres activitats del dia a dia com s\u00f3n la col\u00b7laboraci\u00f3 dels nens i nenes dels \u00faltims cursos escolars que volunt\u00e0riament expliquen contes i can\u00e7ons als nens i nenes m\u00e9s petits.<\/p><p><a href=\"https:\/\/drive.google.com\/file\/d\/1nDqIIqEuo6H5kVct4vkT9oeLumFV3Wtw\/view?usp=sharing\" target=\"_blank\" rel=\"noopener\"><img loading=\"lazy\" decoding=\"async\" class=\"wp-image-2379 size-full aligncenter\" src=\"https:\/\/mariaosso.cat\/escola\/wp-content\/uploads\/2018\/03\/video-science.jpg\" alt=\"\" width=\"640\" height=\"354\" srcset=\"https:\/\/mariaosso.cat\/escola\/wp-content\/uploads\/2018\/03\/video-science.jpg 640w, https:\/\/mariaosso.cat\/escola\/wp-content\/uploads\/2018\/03\/video-science-300x166.jpg 300w\" sizes=\"(max-width: 640px) 100vw, 640px\" \/><\/a><\/p>\t\t\t\t\t\t<\/div>\n\t\t\t\t<\/div>\n\t\t\t\t\t<\/div>\n\t\t\t\t<\/div>\n\t\t\t\t<\/div>\n\t\t","protected":false},"excerpt":{"rendered":"<p>Llengua Anglesa Actualment, vivim en un m\u00f3n totalment globalitzat on tots estem connectats. \u00c9s per aix\u00f2 que aprendre idiomes constitueix una gran eina a l&#8217;hora de progressar com a estudiant i professional. L&#8217;aprenentatge d&#8217;altres idiomes permet enriquir la vida, experimentar noves idees, exercitar la ment i beneficiar-se de la diversitat cultural mundial. Tanmateix, brinda beneficis [&hellip;]<\/p>\n","protected":false},"author":1,"featured_media":0,"parent":0,"menu_order":0,"comment_status":"closed","ping_status":"closed","template":"","meta":{"site-sidebar-layout":"default","site-content-layout":"","ast-site-content-layout":"","site-content-style":"default","site-sidebar-style":"default","ast-global-header-display":"","ast-banner-title-visibility":"","ast-main-header-display":"","ast-hfb-above-header-display":"","ast-hfb-below-header-display":"","ast-hfb-mobile-header-display":"","site-post-title":"","ast-breadcrumbs-content":"","ast-featured-img":"","footer-sml-layout":"","theme-transparent-header-meta":"","adv-header-id-meta":"","stick-header-meta":"","header-above-stick-meta":"","header-main-stick-meta":"","header-below-stick-meta":"","astra-migrate-meta-layouts":"default","ast-page-background-enabled":"default","ast-page-background-meta":{"desktop":{"background-color":"","background-image":"","background-repeat":"repeat","background-position":"center center","background-size":"auto","background-attachment":"scroll","background-type":"","background-media":"","overlay-type":"","overlay-color":"","overlay-gradient":""},"tablet":{"background-color":"","background-image":"","background-repeat":"repeat","background-position":"center center","background-size":"auto","background-attachment":"scroll","background-type":"","background-media":"","overlay-type":"","overlay-color":"","overlay-gradient":""},"mobile":{"background-color":"","background-image":"","background-repeat":"repeat","background-position":"center center","background-size":"auto","background-attachment":"scroll","background-type":"","background-media":"","overlay-type":"","overlay-color":"","overlay-gradient":""}},"ast-content-background-meta":{"desktop":{"background-color":"var(--ast-global-color-5)","background-image":"","background-repeat":"repeat","background-position":"center center","background-size":"auto","background-attachment":"scroll","background-type":"","background-media":"","overlay-type":"","overlay-color":"","overlay-gradient":""},"tablet":{"background-color":"var(--ast-global-color-5)","background-image":"","background-repeat":"repeat","background-position":"center center","background-size":"auto","background-attachment":"scroll","background-type":"","background-media":"","overlay-type":"","overlay-color":"","overlay-gradient":""},"mobile":{"background-color":"var(--ast-global-color-5)","background-image":"","background-repeat":"repeat","background-position":"center center","background-size":"auto","background-attachment":"scroll","background-type":"","background-media":"","overlay-type":"","overlay-color":"","overlay-gradient":""}},"footnotes":""},"class_list":["post-2142","page","type-page","status-publish","hentry"],"_links":{"self":[{"href":"https:\/\/mariaosso.cat\/escola\/wp-json\/wp\/v2\/pages\/2142","targetHints":{"allow":["GET"]}}],"collection":[{"href":"https:\/\/mariaosso.cat\/escola\/wp-json\/wp\/v2\/pages"}],"about":[{"href":"https:\/\/mariaosso.cat\/escola\/wp-json\/wp\/v2\/types\/page"}],"author":[{"embeddable":true,"href":"https:\/\/mariaosso.cat\/escola\/wp-json\/wp\/v2\/users\/1"}],"replies":[{"embeddable":true,"href":"https:\/\/mariaosso.cat\/escola\/wp-json\/wp\/v2\/comments?post=2142"}],"version-history":[{"count":18,"href":"https:\/\/mariaosso.cat\/escola\/wp-json\/wp\/v2\/pages\/2142\/revisions"}],"predecessor-version":[{"id":4036,"href":"https:\/\/mariaosso.cat\/escola\/wp-json\/wp\/v2\/pages\/2142\/revisions\/4036"}],"wp:attachment":[{"href":"https:\/\/mariaosso.cat\/escola\/wp-json\/wp\/v2\/media?parent=2142"}],"curies":[{"name":"wp","href":"https:\/\/api.w.org\/{rel}","templated":true}]}}