{"id":2156,"date":"2018-02-19T17:04:33","date_gmt":"2018-02-19T17:04:33","guid":{"rendered":"https:\/\/mariaosso.cat\/escola\/3-intelligencies-multiples\/"},"modified":"2024-04-13T10:32:56","modified_gmt":"2024-04-13T10:32:56","slug":"3-intelligencies-multiples","status":"publish","type":"page","link":"https:\/\/mariaosso.cat\/escola\/3-intelligencies-multiples\/","title":{"rendered":"3. Intel\u2022lig\u00e8ncies  m\u00faltiples"},"content":{"rendered":"\t\t<div data-elementor-type=\"wp-page\" data-elementor-id=\"2156\" class=\"elementor elementor-2156\">\n\t\t\t\t<div class=\"elementor-element elementor-element-5145b831 e-flex e-con-boxed e-con e-parent\" data-id=\"5145b831\" data-element_type=\"container\">\n\t\t\t\t\t<div class=\"e-con-inner\">\n\t\t\t\t<div class=\"elementor-element elementor-element-1cd35274 elementor-widget elementor-widget-text-editor\" data-id=\"1cd35274\" data-element_type=\"widget\" data-widget_type=\"text-editor.default\">\n\t\t\t\t<div class=\"elementor-widget-container\">\n\t\t\t<style>\/*! elementor - v3.21.0 - 25-04-2024 *\/\n.elementor-widget-text-editor.elementor-drop-cap-view-stacked .elementor-drop-cap{background-color:#69727d;color:#fff}.elementor-widget-text-editor.elementor-drop-cap-view-framed .elementor-drop-cap{color:#69727d;border:3px solid;background-color:transparent}.elementor-widget-text-editor:not(.elementor-drop-cap-view-default) .elementor-drop-cap{margin-top:8px}.elementor-widget-text-editor:not(.elementor-drop-cap-view-default) .elementor-drop-cap-letter{width:1em;height:1em}.elementor-widget-text-editor .elementor-drop-cap{float:left;text-align:center;line-height:1;font-size:50px}.elementor-widget-text-editor .elementor-drop-cap-letter{display:inline-block}<\/style>\t\t\t\t<p>A l\u2019escola Maria Oss\u00f3 l\u2019any 2014 v\u00e0rem apostar per treballar des de les intel\u00b7lig\u00e8ncies m\u00faltiples i l\u2019\u00e0mbit inicial d\u2019aplicaci\u00f3 ha estat a les matem\u00e0tiques. Howard Gardner, (Scranton, Estats Units, 11 de juliol 1943) \u00e9s un psic\u00f2leg, investigador i professor de la Universitat de Harvard i \u00e9s conegut en l\u2019\u00e0mbit cient\u00edfic per les investigacions que ha fet de les capacitats cognitives. Ell defineix intel\u00b7lig\u00e8ncia com \u201cla capacitat de resoldre problemes o de crear productes que s\u00f3n valorats en un o m\u00e9s contextos culturals\u201d (1983). Intel\u00b7lig\u00e8ncia \u00e9s la capacitat de pensar, entendre, raonar, assimilar, elaborar informaci\u00f3 i fer \u00fas de la l\u00f2gica. No hi ha dues persones iguals a l\u2019hora d\u2019aprendre, tota persona t\u00e9 diversos tipus d\u2019intel\u00b7lig\u00e8ncia i \u00e9s important desenvolupar-les totes i prendre consci\u00e8ncia de per quina o quines es t\u00e9 m\u00e9s facilitat. La intel\u00b7lig\u00e8ncia t\u00e9 una part innata i una altre d\u2019apresa, \u00e9s din\u00e0mica i m\u00faltiple, per tant, canvia si es produeixen canvis a l\u2019entorn.<\/p><p>H. Garner distingeix 8 tipus d\u2019intel\u00b7lig\u00e8ncia:<\/p><p><strong>INTEL\u00b7LIG\u00c8NCIA LING\u00dc\u00cdSTICA<\/strong><\/p><p>Capacitat per aprendre idiomes i utilizar el llenguatge per aconseguir determinats objectius.<br \/><strong>INTEL\u00b7LIG\u00c8NCIA L\u00d3GICO-MATEM\u00c0TICA<\/strong><\/p><p>Capacitat per analitzar problemes d\u2019una manera l\u00f2gica, de solucionar problemes matem\u00e0tica i de realitzar investigacions d\u2019una manera cient\u00edfica.<\/p><p><strong>INTEL\u00b7LIG\u00c8NCIA MUSICAL<\/strong><\/p><p>Capacitat per interpretar, composar i aprendre pautes musicals, apreciaci\u00f3 d\u2019estructures sonores, esquemes i habilitats d\u2019escolta.<\/p><p><strong>INTEL\u00b7LIG\u00c8NCIA CORPORAL-CINEST\u00c8SICA<\/strong><\/p><p>Capacitat per utilitzar parts del propi cos, o la seva totalitat, per resoldre problemes o crear productes.<\/p><p><strong>INTEL\u00b7LIG\u00c8NCIA VISUAL- ESPACIAL<\/strong><\/p><p>Capacitat per recon\u00e8ixer i manipular pautes i espais grans i espais redu\u00efts.<\/p><p><strong>INTEL\u00b7LIG\u00c8NCIA NATURALISTA<\/strong><\/p><p>Capacitat per distingir, classificar i utilitzar elements del medi ambient, urb\u00e0 o rural.<\/p><p><strong>INTEL\u00b7LIG\u00c8NCIA INTERPERSONAL<\/strong><\/p><p>Capacitat per comprendre intencions, motivacions i desitjos aliens i , en conseq\u00fc\u00e8ncia, la capacitat per treballar efica\u00e7ment amb altres persones.<\/p><p><strong>INTEL\u00b7LIG\u00c8NCIA INTRAPERSONAL<\/strong><\/p><p>Capacitat per comprendre\u2019s a un mateix, de tenir un model \u00fanic i efica\u00e7 d\u2019un mateix, que contingui els propis desitjos, pors, i capacitats, i d\u2019utilitzar aquesta informaci\u00f3 amb efic\u00e0cia i en la regulaci\u00f3 de la pr\u00f2pia vida.<\/p>\t\t\t\t\t\t<\/div>\n\t\t\t\t<\/div>\n\t\t\t\t\t<\/div>\n\t\t\t\t<\/div>\n\t\t\t\t<\/div>\n\t\t","protected":false},"excerpt":{"rendered":"<p>A l\u2019escola Maria Oss\u00f3 l\u2019any 2014 v\u00e0rem apostar per treballar des de les intel\u00b7lig\u00e8ncies m\u00faltiples i l\u2019\u00e0mbit inicial d\u2019aplicaci\u00f3 ha estat a les matem\u00e0tiques. Howard Gardner, (Scranton, Estats Units, 11 de juliol 1943) \u00e9s un psic\u00f2leg, investigador i professor de la Universitat de Harvard i \u00e9s conegut en l\u2019\u00e0mbit cient\u00edfic per les investigacions que ha [&hellip;]<\/p>\n","protected":false},"author":1,"featured_media":0,"parent":0,"menu_order":0,"comment_status":"closed","ping_status":"closed","template":"","meta":{"site-sidebar-layout":"default","site-content-layout":"","ast-site-content-layout":"","site-content-style":"default","site-sidebar-style":"default","ast-global-header-display":"","ast-banner-title-visibility":"","ast-main-header-display":"","ast-hfb-above-header-display":"","ast-hfb-below-header-display":"","ast-hfb-mobile-header-display":"","site-post-title":"","ast-breadcrumbs-content":"","ast-featured-img":"","footer-sml-layout":"","theme-transparent-header-meta":"","adv-header-id-meta":"","stick-header-meta":"","header-above-stick-meta":"","header-main-stick-meta":"","header-below-stick-meta":"","astra-migrate-meta-layouts":"default","ast-page-background-enabled":"default","ast-page-background-meta":{"desktop":{"background-color":"","background-image":"","background-repeat":"repeat","background-position":"center center","background-size":"auto","background-attachment":"scroll","background-type":"","background-media":"","overlay-type":"","overlay-color":"","overlay-gradient":""},"tablet":{"background-color":"","background-image":"","background-repeat":"repeat","background-position":"center center","background-size":"auto","background-attachment":"scroll","background-type":"","background-media":"","overlay-type":"","overlay-color":"","overlay-gradient":""},"mobile":{"background-color":"","background-image":"","background-repeat":"repeat","background-position":"center center","background-size":"auto","background-attachment":"scroll","background-type":"","background-media":"","overlay-type":"","overlay-color":"","overlay-gradient":""}},"ast-content-background-meta":{"desktop":{"background-color":"var(--ast-global-color-5)","background-image":"","background-repeat":"repeat","background-position":"center center","background-size":"auto","background-attachment":"scroll","background-type":"","background-media":"","overlay-type":"","overlay-color":"","overlay-gradient":""},"tablet":{"background-color":"var(--ast-global-color-5)","background-image":"","background-repeat":"repeat","background-position":"center center","background-size":"auto","background-attachment":"scroll","background-type":"","background-media":"","overlay-type":"","overlay-color":"","overlay-gradient":""},"mobile":{"background-color":"var(--ast-global-color-5)","background-image":"","background-repeat":"repeat","background-position":"center center","background-size":"auto","background-attachment":"scroll","background-type":"","background-media":"","overlay-type":"","overlay-color":"","overlay-gradient":""}},"footnotes":""},"class_list":["post-2156","page","type-page","status-publish","hentry"],"_links":{"self":[{"href":"https:\/\/mariaosso.cat\/escola\/wp-json\/wp\/v2\/pages\/2156","targetHints":{"allow":["GET"]}}],"collection":[{"href":"https:\/\/mariaosso.cat\/escola\/wp-json\/wp\/v2\/pages"}],"about":[{"href":"https:\/\/mariaosso.cat\/escola\/wp-json\/wp\/v2\/types\/page"}],"author":[{"embeddable":true,"href":"https:\/\/mariaosso.cat\/escola\/wp-json\/wp\/v2\/users\/1"}],"replies":[{"embeddable":true,"href":"https:\/\/mariaosso.cat\/escola\/wp-json\/wp\/v2\/comments?post=2156"}],"version-history":[{"count":6,"href":"https:\/\/mariaosso.cat\/escola\/wp-json\/wp\/v2\/pages\/2156\/revisions"}],"predecessor-version":[{"id":4011,"href":"https:\/\/mariaosso.cat\/escola\/wp-json\/wp\/v2\/pages\/2156\/revisions\/4011"}],"wp:attachment":[{"href":"https:\/\/mariaosso.cat\/escola\/wp-json\/wp\/v2\/media?parent=2156"}],"curies":[{"name":"wp","href":"https:\/\/api.w.org\/{rel}","templated":true}]}}

3. Intel•ligències  múltiples

<div data-elementor-type="wp-page" data-elementor-id="2156" class="elementor elementor-2156">
				<div class="elementor-element elementor-element-5145b831 e-flex e-con-boxed e-con e-parent" data-id="5145b831" data-element_type="container">
					<div class="e-con-inner">
				<div class="elementor-element elementor-element-1cd35274 elementor-widget elementor-widget-text-editor" data-id="1cd35274" data-element_type="widget" data-widget_type="text-editor.default">
				<div class="elementor-widget-container">
			<style>/*! elementor - v3.21.0 - 25-04-2024 */
.elementor-widget-text-editor.elementor-drop-cap-view-stacked .elementor-drop-cap{background-color:#69727d;color:#fff}.elementor-widget-text-editor.elementor-drop-cap-view-framed .elementor-drop-cap{color:#69727d;border:3px solid;background-color:transparent}.elementor-widget-text-editor:not(.elementor-drop-cap-view-default) .elementor-drop-cap{margin-top:8px}.elementor-widget-text-editor:not(.elementor-drop-cap-view-default) .elementor-drop-cap-letter{width:1em;height:1em}.elementor-widget-text-editor .elementor-drop-cap{float:left;text-align:center;line-height:1;font-size:50px}.elementor-widget-text-editor .elementor-drop-cap-letter{display:inline-block}</style>				<p>A l’escola Maria Ossó l’any 2014 vàrem apostar per treballar des de les intel·ligències múltiples i l’àmbit inicial d’aplicació ha estat a les matemàtiques. Howard Gardner, (Scranton, Estats Units, 11 de juliol 1943) és un psicòleg, investigador i professor de la Universitat de Harvard i és conegut en l’àmbit científic per les investigacions que ha fet de les capacitats cognitives. Ell defineix intel·ligència com “la capacitat de resoldre problemes o de crear productes que són valorats en un o més contextos culturals” (1983). Intel·ligència és la capacitat de pensar, entendre, raonar, assimilar, elaborar informació i fer ús de la lògica. No hi ha dues persones iguals a l’hora d’aprendre, tota persona té diversos tipus d’intel·ligència i és important desenvolupar-les totes i prendre consciència de per quina o quines es té més facilitat. La intel·ligència té una part innata i una altre d’apresa, és dinàmica i múltiple, per tant, canvia si es produeixen canvis a l’entorn.</p><p>H. Garner distingeix 8 tipus d’intel·ligència:</p><p><strong>INTEL·LIGÈNCIA LINGÜÍSTICA</strong></p><p>Capacitat per aprendre idiomes i utilizar el llenguatge per aconseguir determinats objectius.<br /><strong>INTEL·LIGÈNCIA LÓGICO-MATEMÀTICA</strong></p><p>Capacitat per analitzar problemes d’una manera lògica, de solucionar problemes matemàtica i de realitzar investigacions d’una manera científica.</p><p><strong>INTEL·LIGÈNCIA MUSICAL</strong></p><p>Capacitat per interpretar, composar i aprendre pautes musicals, apreciació d’estructures sonores, esquemes i habilitats d’escolta.</p><p><strong>INTEL·LIGÈNCIA CORPORAL-CINESTÈSICA</strong></p><p>Capacitat per utilitzar parts del propi cos, o la seva totalitat, per resoldre problemes o crear productes.</p><p><strong>INTEL·LIGÈNCIA VISUAL- ESPACIAL</strong></p><p>Capacitat per reconèixer i manipular pautes i espais grans i espais reduïts.</p><p><strong>INTEL·LIGÈNCIA NATURALISTA</strong></p><p>Capacitat per distingir, classificar i utilitzar elements del medi ambient, urbà o rural.</p><p><strong>INTEL·LIGÈNCIA INTERPERSONAL</strong></p><p>Capacitat per comprendre intencions, motivacions i desitjos aliens i , en conseqüència, la capacitat per treballar eficaçment amb altres persones.</p><p><strong>INTEL·LIGÈNCIA INTRAPERSONAL</strong></p><p>Capacitat per comprendre’s a un mateix, de tenir un model únic i eficaç d’un mateix, que contingui els propis desitjos, pors, i capacitats, i d’utilitzar aquesta informació amb eficàcia i en la regulació de la pròpia vida.</p>						</div>
				</div>
					</div>
				</div>
				</div>

<p>A l’escola Maria Ossó l’any 2014 vàrem apostar per treballar des de les intel·ligències múltiples i l’àmbit inicial d’aplicació ha estat a les matemàtiques. Howard Gardner, (Scranton, Estats Units, 11 de juliol 1943) és un psicòleg, investigador i professor de la Universitat de Harvard i és conegut en l’àmbit científic per les investigacions que ha [&hellip;]</p>
