{"id":2184,"date":"2018-02-20T22:52:17","date_gmt":"2018-02-20T22:52:17","guid":{"rendered":"https:\/\/mariaosso.cat\/escola\/les-noves-tecnologies\/"},"modified":"2024-04-13T10:57:42","modified_gmt":"2024-04-13T10:57:42","slug":"les-noves-tecnologies","status":"publish","type":"page","link":"https:\/\/mariaosso.cat\/escola\/les-noves-tecnologies\/","title":{"rendered":"8. Les Noves Tecnologies"},"content":{"rendered":"\t\t<div data-elementor-type=\"wp-page\" data-elementor-id=\"2184\" class=\"elementor elementor-2184\">\n\t\t\t\t<div class=\"elementor-element elementor-element-6d169df1 e-flex e-con-boxed e-con e-parent\" data-id=\"6d169df1\" data-element_type=\"container\">\n\t\t\t\t\t<div class=\"e-con-inner\">\n\t\t\t\t<div class=\"elementor-element elementor-element-4e5b2741 elementor-widget elementor-widget-text-editor\" data-id=\"4e5b2741\" data-element_type=\"widget\" data-widget_type=\"text-editor.default\">\n\t\t\t\t<div class=\"elementor-widget-container\">\n\t\t\t<style>\/*! elementor - v3.21.0 - 25-04-2024 *\/\n.elementor-widget-text-editor.elementor-drop-cap-view-stacked .elementor-drop-cap{background-color:#69727d;color:#fff}.elementor-widget-text-editor.elementor-drop-cap-view-framed .elementor-drop-cap{color:#69727d;border:3px solid;background-color:transparent}.elementor-widget-text-editor:not(.elementor-drop-cap-view-default) .elementor-drop-cap{margin-top:8px}.elementor-widget-text-editor:not(.elementor-drop-cap-view-default) .elementor-drop-cap-letter{width:1em;height:1em}.elementor-widget-text-editor .elementor-drop-cap{float:left;text-align:center;line-height:1;font-size:50px}.elementor-widget-text-editor .elementor-drop-cap-letter{display:inline-block}<\/style>\t\t\t\t<div class=\"vc_row wpb_row vc_row-fluid projecte-p\" data-vc-full-width=\"true\" data-vc-full-width-init=\"true\"><div class=\"wpb_column vc_column_container vc_col-sm-12\"><div class=\"vc_column-inner vc_custom_1519154191592\"><div class=\"wpb_wrapper\"><div class=\"wpb_text_column wpb_content_element \"><div class=\"wpb_wrapper\"><p>La incorporaci\u00f3 de les tecnologies a tots els \u00e0mbits de la nostra activitat personal, social i econ\u00f2mica di\u00e0ria ens obliga a redefinir els procediments i estrat\u00e8gies que treballem a la nostra escola.<\/p><p>Aquesta gran pres\u00e8ncia de la tecnologia tamb\u00e9 es presenta a casa. Els infants conviuen en un entorn tecnol\u00f2gic constant, natural per a ells, que ens fa cercar solucions tecnol\u00f2giques a nivell educatiu.<\/p><\/div><\/div><\/div><\/div><\/div><\/div><div class=\"vc_row-full-width vc_clearfix\">\u00a0<\/div><div class=\"vc_row wpb_row vc_row-fluid projecte-p vc_custom_1519154341105\" data-vc-full-width=\"true\" data-vc-full-width-init=\"true\"><div class=\"wpb_column vc_column_container vc_col-sm-6\"><div class=\"vc_column-inner\"><div class=\"wpb_wrapper\"><div class=\"wpb_text_column wpb_content_element \"><div class=\"wpb_wrapper\"><p>Noves situacions canviants ens plantegen nous reptes i els hem d\u2019afrontar amb un pensament constructiu i d\u2019innovaci\u00f3.<\/p><p>\u00c9s per aquest motiu que a l\u2019Escola Maria Oss\u00f3 apostem per a posar la tecnologia digital a l\u2019abast dels nostres infants i al servei dels seus aprenentatges.<\/p><p>El nostre objectiu, per tant, \u00e9s que els infants puguin assolir les compet\u00e8ncies necess\u00e0ries per a l\u2019\u00fas responsable i profit\u00f3s de les tecnologies amb un sentit cr\u00edtic.<\/p><\/div><\/div><\/div><\/div><\/div><div class=\"wpb_column vc_column_container vc_col-sm-6\"><div class=\"vc_column-inner\"><div class=\"wpb_wrapper\"><div class=\"wpb_single_image wpb_content_element vc_align_left\"><figure class=\"wpb_wrapper vc_figure\"><div class=\"vc_single_image-wrapper   vc_box_border_grey\"><img fetchpriority=\"high\" decoding=\"async\" class=\"alignnone wp-image-2186 size-full\" src=\"https:\/\/mariaosso.cat\/escola\/wp-content\/uploads\/2018\/02\/foto-projecte6.jpg\" alt=\"\" width=\"422\" height=\"318\" srcset=\"https:\/\/mariaosso.cat\/escola\/wp-content\/uploads\/2018\/02\/foto-projecte6.jpg 422w, https:\/\/mariaosso.cat\/escola\/wp-content\/uploads\/2018\/02\/foto-projecte6-300x226.jpg 300w\" sizes=\"(max-width: 422px) 100vw, 422px\" \/><\/div><\/figure><\/div><\/div><\/div><\/div><\/div><div class=\"vc_row-full-width vc_clearfix\">\u00a0<\/div><div class=\"vc_row wpb_row vc_row-fluid\" data-vc-full-width=\"true\" data-vc-full-width-init=\"true\"><div class=\"wpb_column vc_column_container vc_col-sm-12\"><div class=\"vc_column-inner\"><div class=\"wpb_wrapper\"><div class=\"wpb_text_column wpb_content_element \"><div class=\"wpb_wrapper\">\u00a0<\/div><\/div><\/div><\/div><\/div><\/div>\t\t\t\t\t\t<\/div>\n\t\t\t\t<\/div>\n\t\t\t\t\t<\/div>\n\t\t\t\t<\/div>\n\t\t\t\t<\/div>\n\t\t","protected":false},"excerpt":{"rendered":"<p>La incorporaci\u00f3 de les tecnologies a tots els \u00e0mbits de la nostra activitat personal, social i econ\u00f2mica di\u00e0ria ens obliga a redefinir els procediments i estrat\u00e8gies que treballem a la nostra escola. Aquesta gran pres\u00e8ncia de la tecnologia tamb\u00e9 es presenta a casa. Els infants conviuen en un entorn tecnol\u00f2gic constant, natural per a ells, [&hellip;]<\/p>\n","protected":false},"author":1,"featured_media":0,"parent":0,"menu_order":0,"comment_status":"closed","ping_status":"closed","template":"","meta":{"site-sidebar-layout":"default","site-content-layout":"","ast-site-content-layout":"","site-content-style":"default","site-sidebar-style":"default","ast-global-header-display":"","ast-banner-title-visibility":"","ast-main-header-display":"","ast-hfb-above-header-display":"","ast-hfb-below-header-display":"","ast-hfb-mobile-header-display":"","site-post-title":"","ast-breadcrumbs-content":"","ast-featured-img":"","footer-sml-layout":"","theme-transparent-header-meta":"","adv-header-id-meta":"","stick-header-meta":"","header-above-stick-meta":"","header-main-stick-meta":"","header-below-stick-meta":"","astra-migrate-meta-layouts":"default","ast-page-background-enabled":"default","ast-page-background-meta":{"desktop":{"background-color":"","background-image":"","background-repeat":"repeat","background-position":"center center","background-size":"auto","background-attachment":"scroll","background-type":"","background-media":"","overlay-type":"","overlay-color":"","overlay-gradient":""},"tablet":{"background-color":"","background-image":"","background-repeat":"repeat","background-position":"center center","background-size":"auto","background-attachment":"scroll","background-type":"","background-media":"","overlay-type":"","overlay-color":"","overlay-gradient":""},"mobile":{"background-color":"","background-image":"","background-repeat":"repeat","background-position":"center center","background-size":"auto","background-attachment":"scroll","background-type":"","background-media":"","overlay-type":"","overlay-color":"","overlay-gradient":""}},"ast-content-background-meta":{"desktop":{"background-color":"var(--ast-global-color-5)","background-image":"","background-repeat":"repeat","background-position":"center center","background-size":"auto","background-attachment":"scroll","background-type":"","background-media":"","overlay-type":"","overlay-color":"","overlay-gradient":""},"tablet":{"background-color":"var(--ast-global-color-5)","background-image":"","background-repeat":"repeat","background-position":"center center","background-size":"auto","background-attachment":"scroll","background-type":"","background-media":"","overlay-type":"","overlay-color":"","overlay-gradient":""},"mobile":{"background-color":"var(--ast-global-color-5)","background-image":"","background-repeat":"repeat","background-position":"center center","background-size":"auto","background-attachment":"scroll","background-type":"","background-media":"","overlay-type":"","overlay-color":"","overlay-gradient":""}},"footnotes":""},"class_list":["post-2184","page","type-page","status-publish","hentry"],"_links":{"self":[{"href":"https:\/\/mariaosso.cat\/escola\/wp-json\/wp\/v2\/pages\/2184","targetHints":{"allow":["GET"]}}],"collection":[{"href":"https:\/\/mariaosso.cat\/escola\/wp-json\/wp\/v2\/pages"}],"about":[{"href":"https:\/\/mariaosso.cat\/escola\/wp-json\/wp\/v2\/types\/page"}],"author":[{"embeddable":true,"href":"https:\/\/mariaosso.cat\/escola\/wp-json\/wp\/v2\/users\/1"}],"replies":[{"embeddable":true,"href":"https:\/\/mariaosso.cat\/escola\/wp-json\/wp\/v2\/comments?post=2184"}],"version-history":[{"count":3,"href":"https:\/\/mariaosso.cat\/escola\/wp-json\/wp\/v2\/pages\/2184\/revisions"}],"predecessor-version":[{"id":4048,"href":"https:\/\/mariaosso.cat\/escola\/wp-json\/wp\/v2\/pages\/2184\/revisions\/4048"}],"wp:attachment":[{"href":"https:\/\/mariaosso.cat\/escola\/wp-json\/wp\/v2\/media?parent=2184"}],"curies":[{"name":"wp","href":"https:\/\/api.w.org\/{rel}","templated":true}]}}

<div data-elementor-type="wp-page" data-elementor-id="2184" class="elementor elementor-2184">
				<div class="elementor-element elementor-element-6d169df1 e-flex e-con-boxed e-con e-parent" data-id="6d169df1" data-element_type="container">
					<div class="e-con-inner">
				<div class="elementor-element elementor-element-4e5b2741 elementor-widget elementor-widget-text-editor" data-id="4e5b2741" data-element_type="widget" data-widget_type="text-editor.default">
				<div class="elementor-widget-container">
			<style>/*! elementor - v3.21.0 - 25-04-2024 */
.elementor-widget-text-editor.elementor-drop-cap-view-stacked .elementor-drop-cap{background-color:#69727d;color:#fff}.elementor-widget-text-editor.elementor-drop-cap-view-framed .elementor-drop-cap{color:#69727d;border:3px solid;background-color:transparent}.elementor-widget-text-editor:not(.elementor-drop-cap-view-default) .elementor-drop-cap{margin-top:8px}.elementor-widget-text-editor:not(.elementor-drop-cap-view-default) .elementor-drop-cap-letter{width:1em;height:1em}.elementor-widget-text-editor .elementor-drop-cap{float:left;text-align:center;line-height:1;font-size:50px}.elementor-widget-text-editor .elementor-drop-cap-letter{display:inline-block}</style>				<div class="vc_row wpb_row vc_row-fluid projecte-p" data-vc-full-width="true" data-vc-full-width-init="true"><div class="wpb_column vc_column_container vc_col-sm-12"><div class="vc_column-inner vc_custom_1519154191592"><div class="wpb_wrapper"><div class="wpb_text_column wpb_content_element "><div class="wpb_wrapper"><p>La incorporació de les tecnologies a tots els àmbits de la nostra activitat personal, social i econòmica diària ens obliga a redefinir els procediments i estratègies que treballem a la nostra escola.</p><p>Aquesta gran presència de la tecnologia també es presenta a casa. Els infants conviuen en un entorn tecnològic constant, natural per a ells, que ens fa cercar solucions tecnològiques a nivell educatiu.</p></div></div></div></div></div></div><div class="vc_row-full-width vc_clearfix"> </div><div class="vc_row wpb_row vc_row-fluid projecte-p vc_custom_1519154341105" data-vc-full-width="true" data-vc-full-width-init="true"><div class="wpb_column vc_column_container vc_col-sm-6"><div class="vc_column-inner"><div class="wpb_wrapper"><div class="wpb_text_column wpb_content_element "><div class="wpb_wrapper"><p>Noves situacions canviants ens plantegen nous reptes i els hem d’afrontar amb un pensament constructiu i d’innovació.</p><p>És per aquest motiu que a l’Escola Maria Ossó apostem per a posar la tecnologia digital a l’abast dels nostres infants i al servei dels seus aprenentatges.</p><p>El nostre objectiu, per tant, és que els infants puguin assolir les competències necessàries per a l’ús responsable i profitós de les tecnologies amb un sentit crític.</p></div></div></div></div></div><div class="wpb_column vc_column_container vc_col-sm-6"><div class="vc_column-inner"><div class="wpb_wrapper"><div class="wpb_single_image wpb_content_element vc_align_left"><figure class="wpb_wrapper vc_figure"><div class="vc_single_image-wrapper   vc_box_border_grey"><img fetchpriority="high" decoding="async" class="alignnone wp-image-2186 size-full" src="https://mariaosso.cat/escola/wp-content/uploads/2018/02/foto-projecte6.jpg" alt="" width="422" height="318" srcset="https://mariaosso.cat/escola/wp-content/uploads/2018/02/foto-projecte6.jpg 422w, https://mariaosso.cat/escola/wp-content/uploads/2018/02/foto-projecte6-300x226.jpg 300w" sizes="(max-width: 422px) 100vw, 422px" /></div></figure></div></div></div></div></div><div class="vc_row-full-width vc_clearfix"> </div><div class="vc_row wpb_row vc_row-fluid" data-vc-full-width="true" data-vc-full-width-init="true"><div class="wpb_column vc_column_container vc_col-sm-12"><div class="vc_column-inner"><div class="wpb_wrapper"><div class="wpb_text_column wpb_content_element "><div class="wpb_wrapper"> </div></div></div></div></div></div>						</div>
				</div>
					</div>
				</div>
				</div>

<p>La incorporació de les tecnologies a tots els àmbits de la nostra activitat personal, social i econòmica diària ens obliga a redefinir els procediments i estratègies que treballem a la nostra escola. Aquesta gran presència de la tecnologia també es presenta a casa. Els infants conviuen en un entorn tecnològic constant, natural per a ells, [&hellip;]</p>
