{"id":2198,"date":"2018-02-20T23:43:58","date_gmt":"2018-02-20T23:43:58","guid":{"rendered":"https:\/\/mariaosso.cat\/escola\/6-art\/"},"modified":"2024-04-13T10:51:04","modified_gmt":"2024-04-13T10:51:04","slug":"6-art","status":"publish","type":"page","link":"https:\/\/mariaosso.cat\/escola\/6-art\/","title":{"rendered":"6. Art"},"content":{"rendered":"\t\t<div data-elementor-type=\"wp-page\" data-elementor-id=\"2198\" class=\"elementor elementor-2198\">\n\t\t\t\t<div class=\"elementor-element elementor-element-2c831b3e e-flex e-con-boxed e-con e-parent\" data-id=\"2c831b3e\" data-element_type=\"container\">\n\t\t\t\t\t<div class=\"e-con-inner\">\n\t\t\t\t<div class=\"elementor-element elementor-element-742b4478 elementor-widget elementor-widget-text-editor\" data-id=\"742b4478\" data-element_type=\"widget\" data-widget_type=\"text-editor.default\">\n\t\t\t\t<div class=\"elementor-widget-container\">\n\t\t\t<style>\/*! elementor - v3.21.0 - 25-04-2024 *\/\n.elementor-widget-text-editor.elementor-drop-cap-view-stacked .elementor-drop-cap{background-color:#69727d;color:#fff}.elementor-widget-text-editor.elementor-drop-cap-view-framed .elementor-drop-cap{color:#69727d;border:3px solid;background-color:transparent}.elementor-widget-text-editor:not(.elementor-drop-cap-view-default) .elementor-drop-cap{margin-top:8px}.elementor-widget-text-editor:not(.elementor-drop-cap-view-default) .elementor-drop-cap-letter{width:1em;height:1em}.elementor-widget-text-editor .elementor-drop-cap{float:left;text-align:center;line-height:1;font-size:50px}.elementor-widget-text-editor .elementor-drop-cap-letter{display:inline-block}<\/style>\t\t\t\t<h1 class=\"\\&quot;h1-educatiu\\&quot;\">Art<\/h1><p>Les manifestacions art\u00edstiques tenen una pres\u00e8ncia constant en l\u2019entorn i en la vida dels nostres alumnes i esdevenen espais de relaci\u00f3 en els quals flueixen experi\u00e8ncies, significats, emocions, idees i pensaments.<\/p><p>A l\u2019escola Maria Oss\u00f3 pretenem desenvolupar l\u2019expressi\u00f3 est\u00e8tica treballant i coneixent un autor art\u00edstic cada curs per tal que els nostres alumnes adquireixin una formaci\u00f3 que els permeti comprendre el m\u00f3n art\u00edstic i cultural.<\/p><p>David Bueno i Torrens parla d\u2019 estudis neurol\u00f2gics que constaten que les arts pl\u00e0stiques milloren les habilitats socials, potencien el llenguatge, potencien l\u2019abstracci\u00f3 mental, milloren el control emocional i la presa de decisions. A m\u00e9s a m\u00e9s, l\u2019art abstracte t\u00e9 la capacitat d\u2019alliberar el cervell de la domin\u00e0ncia de la realitat, i aix\u00f2 li permet generar noves associacions emocionals i cognitives, que s\u00f3n la base de la creativitat.<\/p><p>Aquests s\u00f3n els autors que treballem a cada nivell:<\/p><p>JACKSON POLLOCK P3<\/p><p><img fetchpriority=\"high\" decoding=\"async\" class=\"alignnone size-medium wp-image-448\" src=\"https:\/\/mariaosso.cat\/escola\/wp-content\/uploads\/2016\/09\/P3-Jacson-Pollock-300x199.jpg\" alt=\"\" width=\"300\" height=\"199\" srcset=\"https:\/\/mariaosso.cat\/escola\/wp-content\/uploads\/2016\/09\/P3-Jacson-Pollock-300x199.jpg 300w, https:\/\/mariaosso.cat\/escola\/wp-content\/uploads\/2016\/09\/P3-Jacson-Pollock.jpg 360w\" sizes=\"(max-width: 300px) 100vw, 300px\" \/><\/p><p>CLAUDE MONET P4<\/p><p><img decoding=\"async\" class=\"alignnone size-medium wp-image-452\" src=\"https:\/\/mariaosso.cat\/escola\/wp-content\/uploads\/2016\/09\/P4-Monet-300x199.jpg\" alt=\"\" width=\"300\" height=\"199\" srcset=\"https:\/\/mariaosso.cat\/escola\/wp-content\/uploads\/2016\/09\/P4-Monet-300x199.jpg 300w, https:\/\/mariaosso.cat\/escola\/wp-content\/uploads\/2016\/09\/P4-Monet.jpg 360w\" sizes=\"(max-width: 300px) 100vw, 300px\" \/><\/p><p>JOAN MIR\u00d3 P5<\/p><p><img decoding=\"async\" class=\"alignnone size-medium wp-image-453\" src=\"https:\/\/mariaosso.cat\/escola\/wp-content\/uploads\/2016\/09\/P5-Joan-Miro-300x199.jpg\" alt=\"\" width=\"300\" height=\"199\" srcset=\"https:\/\/mariaosso.cat\/escola\/wp-content\/uploads\/2016\/09\/P5-Joan-Miro-300x199.jpg 300w, https:\/\/mariaosso.cat\/escola\/wp-content\/uploads\/2016\/09\/P5-Joan-Miro.jpg 360w\" sizes=\"(max-width: 300px) 100vw, 300px\" \/><\/p><p>VASILI KANDINSKY 1r<\/p><p><img loading=\"lazy\" decoding=\"async\" class=\"alignnone size-medium wp-image-454\" src=\"https:\/\/mariaosso.cat\/escola\/wp-content\/uploads\/2016\/09\/1r-Kandinsky-300x199.jpg\" alt=\"\" width=\"300\" height=\"199\" srcset=\"https:\/\/mariaosso.cat\/escola\/wp-content\/uploads\/2016\/09\/1r-Kandinsky-300x199.jpg 300w, https:\/\/mariaosso.cat\/escola\/wp-content\/uploads\/2016\/09\/1r-Kandinsky.jpg 360w\" sizes=\"(max-width: 300px) 100vw, 300px\" \/><\/p><p>VINCENT VAN GOGH 2n<\/p><p><img loading=\"lazy\" decoding=\"async\" class=\"alignnone size-medium wp-image-455\" src=\"https:\/\/mariaosso.cat\/escola\/wp-content\/uploads\/2016\/09\/2n-Van-Gogh-300x199.jpg\" alt=\"\" width=\"300\" height=\"199\" srcset=\"https:\/\/mariaosso.cat\/escola\/wp-content\/uploads\/2016\/09\/2n-Van-Gogh-300x199.jpg 300w, https:\/\/mariaosso.cat\/escola\/wp-content\/uploads\/2016\/09\/2n-Van-Gogh.jpg 360w\" sizes=\"(max-width: 300px) 100vw, 300px\" \/><\/p><p>SALVADOR DAL\u00cd 3r<\/p><p><img loading=\"lazy\" decoding=\"async\" class=\"alignnone size-medium wp-image-456\" src=\"https:\/\/mariaosso.cat\/escola\/wp-content\/uploads\/2016\/09\/3r-Salvador-Dali-300x199.jpg\" alt=\"\" width=\"300\" height=\"199\" srcset=\"https:\/\/mariaosso.cat\/escola\/wp-content\/uploads\/2016\/09\/3r-Salvador-Dali-300x199.jpg 300w, https:\/\/mariaosso.cat\/escola\/wp-content\/uploads\/2016\/09\/3r-Salvador-Dali.jpg 360w\" sizes=\"(max-width: 300px) 100vw, 300px\" \/><\/p><p>PAUL GAUGUIN 4t<\/p><p><img loading=\"lazy\" decoding=\"async\" class=\"alignnone size-medium wp-image-457\" src=\"https:\/\/mariaosso.cat\/escola\/wp-content\/uploads\/2016\/09\/4t-Paul-Gaughin-300x199.jpg\" alt=\"\" width=\"300\" height=\"199\" srcset=\"https:\/\/mariaosso.cat\/escola\/wp-content\/uploads\/2016\/09\/4t-Paul-Gaughin-300x199.jpg 300w, https:\/\/mariaosso.cat\/escola\/wp-content\/uploads\/2016\/09\/4t-Paul-Gaughin.jpg 360w\" sizes=\"(max-width: 300px) 100vw, 300px\" \/><\/p><p>JOAQUIN SOROLLA 5\u00e8<\/p><p><img loading=\"lazy\" decoding=\"async\" class=\"alignnone size-medium wp-image-458\" src=\"https:\/\/mariaosso.cat\/escola\/wp-content\/uploads\/2016\/09\/5e-Joaquin-sorolla-300x199.jpg\" alt=\"\" width=\"300\" height=\"199\" srcset=\"https:\/\/mariaosso.cat\/escola\/wp-content\/uploads\/2016\/09\/5e-Joaquin-sorolla-300x199.jpg 300w, https:\/\/mariaosso.cat\/escola\/wp-content\/uploads\/2016\/09\/5e-Joaquin-sorolla.jpg 360w\" sizes=\"(max-width: 300px) 100vw, 300px\" \/><\/p><p>ANDY WARHOL 6\u00e8<\/p><p><img loading=\"lazy\" decoding=\"async\" class=\"alignnone size-medium wp-image-459\" src=\"https:\/\/mariaosso.cat\/escola\/wp-content\/uploads\/2016\/09\/6e-andy-warhol-300x199.jpg\" alt=\"\" width=\"300\" height=\"199\" srcset=\"https:\/\/mariaosso.cat\/escola\/wp-content\/uploads\/2016\/09\/6e-andy-warhol-300x199.jpg 300w, https:\/\/mariaosso.cat\/escola\/wp-content\/uploads\/2016\/09\/6e-andy-warhol.jpg 360w\" sizes=\"(max-width: 300px) 100vw, 300px\" \/><\/p><p>FRIDA KAHLO<\/p><p><img loading=\"lazy\" decoding=\"async\" class=\"alignnone size-medium wp-image-2901\" src=\"https:\/\/mariaosso.cat\/escola\/wp-content\/uploads\/2020\/03\/frida-kahlo-300x169.jpg\" alt=\"\" width=\"300\" height=\"169\" srcset=\"https:\/\/mariaosso.cat\/escola\/wp-content\/uploads\/2020\/03\/frida-kahlo-300x169.jpg 300w, https:\/\/mariaosso.cat\/escola\/wp-content\/uploads\/2020\/03\/frida-kahlo.jpg 320w\" sizes=\"(max-width: 300px) 100vw, 300px\" \/><\/p>\t\t\t\t\t\t<\/div>\n\t\t\t\t<\/div>\n\t\t\t\t\t<\/div>\n\t\t\t\t<\/div>\n\t\t\t\t<\/div>\n\t\t","protected":false},"excerpt":{"rendered":"<p>Art Les manifestacions art\u00edstiques tenen una pres\u00e8ncia constant en l\u2019entorn i en la vida dels nostres alumnes i esdevenen espais de relaci\u00f3 en els quals flueixen experi\u00e8ncies, significats, emocions, idees i pensaments. A l\u2019escola Maria Oss\u00f3 pretenem desenvolupar l\u2019expressi\u00f3 est\u00e8tica treballant i coneixent un autor art\u00edstic cada curs per tal que els nostres alumnes adquireixin [&hellip;]<\/p>\n","protected":false},"author":1,"featured_media":0,"parent":0,"menu_order":0,"comment_status":"closed","ping_status":"closed","template":"","meta":{"site-sidebar-layout":"default","site-content-layout":"","ast-site-content-layout":"","site-content-style":"default","site-sidebar-style":"default","ast-global-header-display":"","ast-banner-title-visibility":"","ast-main-header-display":"","ast-hfb-above-header-display":"","ast-hfb-below-header-display":"","ast-hfb-mobile-header-display":"","site-post-title":"","ast-breadcrumbs-content":"","ast-featured-img":"","footer-sml-layout":"","theme-transparent-header-meta":"","adv-header-id-meta":"","stick-header-meta":"","header-above-stick-meta":"","header-main-stick-meta":"","header-below-stick-meta":"","astra-migrate-meta-layouts":"default","ast-page-background-enabled":"default","ast-page-background-meta":{"desktop":{"background-color":"","background-image":"","background-repeat":"repeat","background-position":"center center","background-size":"auto","background-attachment":"scroll","background-type":"","background-media":"","overlay-type":"","overlay-color":"","overlay-gradient":""},"tablet":{"background-color":"","background-image":"","background-repeat":"repeat","background-position":"center center","background-size":"auto","background-attachment":"scroll","background-type":"","background-media":"","overlay-type":"","overlay-color":"","overlay-gradient":""},"mobile":{"background-color":"","background-image":"","background-repeat":"repeat","background-position":"center center","background-size":"auto","background-attachment":"scroll","background-type":"","background-media":"","overlay-type":"","overlay-color":"","overlay-gradient":""}},"ast-content-background-meta":{"desktop":{"background-color":"var(--ast-global-color-5)","background-image":"","background-repeat":"repeat","background-position":"center center","background-size":"auto","background-attachment":"scroll","background-type":"","background-media":"","overlay-type":"","overlay-color":"","overlay-gradient":""},"tablet":{"background-color":"var(--ast-global-color-5)","background-image":"","background-repeat":"repeat","background-position":"center center","background-size":"auto","background-attachment":"scroll","background-type":"","background-media":"","overlay-type":"","overlay-color":"","overlay-gradient":""},"mobile":{"background-color":"var(--ast-global-color-5)","background-image":"","background-repeat":"repeat","background-position":"center center","background-size":"auto","background-attachment":"scroll","background-type":"","background-media":"","overlay-type":"","overlay-color":"","overlay-gradient":""}},"footnotes":""},"class_list":["post-2198","page","type-page","status-publish","hentry"],"_links":{"self":[{"href":"https:\/\/mariaosso.cat\/escola\/wp-json\/wp\/v2\/pages\/2198","targetHints":{"allow":["GET"]}}],"collection":[{"href":"https:\/\/mariaosso.cat\/escola\/wp-json\/wp\/v2\/pages"}],"about":[{"href":"https:\/\/mariaosso.cat\/escola\/wp-json\/wp\/v2\/types\/page"}],"author":[{"embeddable":true,"href":"https:\/\/mariaosso.cat\/escola\/wp-json\/wp\/v2\/users\/1"}],"replies":[{"embeddable":true,"href":"https:\/\/mariaosso.cat\/escola\/wp-json\/wp\/v2\/comments?post=2198"}],"version-history":[{"count":3,"href":"https:\/\/mariaosso.cat\/escola\/wp-json\/wp\/v2\/pages\/2198\/revisions"}],"predecessor-version":[{"id":4030,"href":"https:\/\/mariaosso.cat\/escola\/wp-json\/wp\/v2\/pages\/2198\/revisions\/4030"}],"wp:attachment":[{"href":"https:\/\/mariaosso.cat\/escola\/wp-json\/wp\/v2\/media?parent=2198"}],"curies":[{"name":"wp","href":"https:\/\/api.w.org\/{rel}","templated":true}]}}

<div data-elementor-type="wp-page" data-elementor-id="2198" class="elementor elementor-2198">
				<div class="elementor-element elementor-element-2c831b3e e-flex e-con-boxed e-con e-parent" data-id="2c831b3e" data-element_type="container">
					<div class="e-con-inner">
				<div class="elementor-element elementor-element-742b4478 elementor-widget elementor-widget-text-editor" data-id="742b4478" data-element_type="widget" data-widget_type="text-editor.default">
				<div class="elementor-widget-container">
			<style>/*! elementor - v3.21.0 - 25-04-2024 */
.elementor-widget-text-editor.elementor-drop-cap-view-stacked .elementor-drop-cap{background-color:#69727d;color:#fff}.elementor-widget-text-editor.elementor-drop-cap-view-framed .elementor-drop-cap{color:#69727d;border:3px solid;background-color:transparent}.elementor-widget-text-editor:not(.elementor-drop-cap-view-default) .elementor-drop-cap{margin-top:8px}.elementor-widget-text-editor:not(.elementor-drop-cap-view-default) .elementor-drop-cap-letter{width:1em;height:1em}.elementor-widget-text-editor .elementor-drop-cap{float:left;text-align:center;line-height:1;font-size:50px}.elementor-widget-text-editor .elementor-drop-cap-letter{display:inline-block}</style>				<h1 class="\&quot;h1-educatiu\&quot;">Art</h1><p>Les manifestacions artístiques tenen una presència constant en l’entorn i en la vida dels nostres alumnes i esdevenen espais de relació en els quals flueixen experiències, significats, emocions, idees i pensaments.</p><p>A l’escola Maria Ossó pretenem desenvolupar l’expressió estètica treballant i coneixent un autor artístic cada curs per tal que els nostres alumnes adquireixin una formació que els permeti comprendre el món artístic i cultural.</p><p>David Bueno i Torrens parla d’ estudis neurològics que constaten que les arts plàstiques milloren les habilitats socials, potencien el llenguatge, potencien l’abstracció mental, milloren el control emocional i la presa de decisions. A més a més, l’art abstracte té la capacitat d’alliberar el cervell de la dominància de la realitat, i això li permet generar noves associacions emocionals i cognitives, que són la base de la creativitat.</p><p>Aquests són els autors que treballem a cada nivell:</p><p>JACKSON POLLOCK P3</p><p><img fetchpriority="high" decoding="async" class="alignnone size-medium wp-image-448" src="https://mariaosso.cat/escola/wp-content/uploads/2016/09/P3-Jacson-Pollock-300x199.jpg" alt="" width="300" height="199" srcset="https://mariaosso.cat/escola/wp-content/uploads/2016/09/P3-Jacson-Pollock-300x199.jpg 300w, https://mariaosso.cat/escola/wp-content/uploads/2016/09/P3-Jacson-Pollock.jpg 360w" sizes="(max-width: 300px) 100vw, 300px" /></p><p>CLAUDE MONET P4</p><p><img decoding="async" class="alignnone size-medium wp-image-452" src="https://mariaosso.cat/escola/wp-content/uploads/2016/09/P4-Monet-300x199.jpg" alt="" width="300" height="199" srcset="https://mariaosso.cat/escola/wp-content/uploads/2016/09/P4-Monet-300x199.jpg 300w, https://mariaosso.cat/escola/wp-content/uploads/2016/09/P4-Monet.jpg 360w" sizes="(max-width: 300px) 100vw, 300px" /></p><p>JOAN MIRÓ P5</p><p><img decoding="async" class="alignnone size-medium wp-image-453" src="https://mariaosso.cat/escola/wp-content/uploads/2016/09/P5-Joan-Miro-300x199.jpg" alt="" width="300" height="199" srcset="https://mariaosso.cat/escola/wp-content/uploads/2016/09/P5-Joan-Miro-300x199.jpg 300w, https://mariaosso.cat/escola/wp-content/uploads/2016/09/P5-Joan-Miro.jpg 360w" sizes="(max-width: 300px) 100vw, 300px" /></p><p>VASILI KANDINSKY 1r</p><p><img loading="lazy" decoding="async" class="alignnone size-medium wp-image-454" src="https://mariaosso.cat/escola/wp-content/uploads/2016/09/1r-Kandinsky-300x199.jpg" alt="" width="300" height="199" srcset="https://mariaosso.cat/escola/wp-content/uploads/2016/09/1r-Kandinsky-300x199.jpg 300w, https://mariaosso.cat/escola/wp-content/uploads/2016/09/1r-Kandinsky.jpg 360w" sizes="(max-width: 300px) 100vw, 300px" /></p><p>VINCENT VAN GOGH 2n</p><p><img loading="lazy" decoding="async" class="alignnone size-medium wp-image-455" src="https://mariaosso.cat/escola/wp-content/uploads/2016/09/2n-Van-Gogh-300x199.jpg" alt="" width="300" height="199" srcset="https://mariaosso.cat/escola/wp-content/uploads/2016/09/2n-Van-Gogh-300x199.jpg 300w, https://mariaosso.cat/escola/wp-content/uploads/2016/09/2n-Van-Gogh.jpg 360w" sizes="(max-width: 300px) 100vw, 300px" /></p><p>SALVADOR DALÍ 3r</p><p><img loading="lazy" decoding="async" class="alignnone size-medium wp-image-456" src="https://mariaosso.cat/escola/wp-content/uploads/2016/09/3r-Salvador-Dali-300x199.jpg" alt="" width="300" height="199" srcset="https://mariaosso.cat/escola/wp-content/uploads/2016/09/3r-Salvador-Dali-300x199.jpg 300w, https://mariaosso.cat/escola/wp-content/uploads/2016/09/3r-Salvador-Dali.jpg 360w" sizes="(max-width: 300px) 100vw, 300px" /></p><p>PAUL GAUGUIN 4t</p><p><img loading="lazy" decoding="async" class="alignnone size-medium wp-image-457" src="https://mariaosso.cat/escola/wp-content/uploads/2016/09/4t-Paul-Gaughin-300x199.jpg" alt="" width="300" height="199" srcset="https://mariaosso.cat/escola/wp-content/uploads/2016/09/4t-Paul-Gaughin-300x199.jpg 300w, https://mariaosso.cat/escola/wp-content/uploads/2016/09/4t-Paul-Gaughin.jpg 360w" sizes="(max-width: 300px) 100vw, 300px" /></p><p>JOAQUIN SOROLLA 5è</p><p><img loading="lazy" decoding="async" class="alignnone size-medium wp-image-458" src="https://mariaosso.cat/escola/wp-content/uploads/2016/09/5e-Joaquin-sorolla-300x199.jpg" alt="" width="300" height="199" srcset="https://mariaosso.cat/escola/wp-content/uploads/2016/09/5e-Joaquin-sorolla-300x199.jpg 300w, https://mariaosso.cat/escola/wp-content/uploads/2016/09/5e-Joaquin-sorolla.jpg 360w" sizes="(max-width: 300px) 100vw, 300px" /></p><p>ANDY WARHOL 6è</p><p><img loading="lazy" decoding="async" class="alignnone size-medium wp-image-459" src="https://mariaosso.cat/escola/wp-content/uploads/2016/09/6e-andy-warhol-300x199.jpg" alt="" width="300" height="199" srcset="https://mariaosso.cat/escola/wp-content/uploads/2016/09/6e-andy-warhol-300x199.jpg 300w, https://mariaosso.cat/escola/wp-content/uploads/2016/09/6e-andy-warhol.jpg 360w" sizes="(max-width: 300px) 100vw, 300px" /></p><p>FRIDA KAHLO</p><p><img loading="lazy" decoding="async" class="alignnone size-medium wp-image-2901" src="https://mariaosso.cat/escola/wp-content/uploads/2020/03/frida-kahlo-300x169.jpg" alt="" width="300" height="169" srcset="https://mariaosso.cat/escola/wp-content/uploads/2020/03/frida-kahlo-300x169.jpg 300w, https://mariaosso.cat/escola/wp-content/uploads/2020/03/frida-kahlo.jpg 320w" sizes="(max-width: 300px) 100vw, 300px" /></p>						</div>
				</div>
					</div>
				</div>
				</div>

<p>Art Les manifestacions artístiques tenen una presència constant en l’entorn i en la vida dels nostres alumnes i esdevenen espais de relació en els quals flueixen experiències, significats, emocions, idees i pensaments. A l’escola Maria Ossó pretenem desenvolupar l’expressió estètica treballant i coneixent un autor artístic cada curs per tal que els nostres alumnes adquireixin [&hellip;]</p>
