{"id":2414,"date":"2018-03-15T10:55:59","date_gmt":"2018-03-15T10:55:59","guid":{"rendered":"https:\/\/mariaosso.cat\/escola\/biblioteca-2\/"},"modified":"2024-04-13T11:06:08","modified_gmt":"2024-04-13T11:06:08","slug":"biblioteca-2","status":"publish","type":"page","link":"https:\/\/mariaosso.cat\/escola\/biblioteca-2\/","title":{"rendered":"11. Biblioteca"},"content":{"rendered":"\t\t<div data-elementor-type=\"wp-page\" data-elementor-id=\"2414\" class=\"elementor elementor-2414\">\n\t\t\t\t<div class=\"elementor-element elementor-element-33626fa2 e-flex e-con-boxed e-con e-parent\" data-id=\"33626fa2\" data-element_type=\"container\">\n\t\t\t\t\t<div class=\"e-con-inner\">\n\t\t\t\t<div class=\"elementor-element elementor-element-2a4d85da elementor-widget elementor-widget-text-editor\" data-id=\"2a4d85da\" data-element_type=\"widget\" data-widget_type=\"text-editor.default\">\n\t\t\t\t<div class=\"elementor-widget-container\">\n\t\t\t<style>\/*! elementor - v3.21.0 - 25-04-2024 *\/\n.elementor-widget-text-editor.elementor-drop-cap-view-stacked .elementor-drop-cap{background-color:#69727d;color:#fff}.elementor-widget-text-editor.elementor-drop-cap-view-framed .elementor-drop-cap{color:#69727d;border:3px solid;background-color:transparent}.elementor-widget-text-editor:not(.elementor-drop-cap-view-default) .elementor-drop-cap{margin-top:8px}.elementor-widget-text-editor:not(.elementor-drop-cap-view-default) .elementor-drop-cap-letter{width:1em;height:1em}.elementor-widget-text-editor .elementor-drop-cap{float:left;text-align:center;line-height:1;font-size:50px}.elementor-widget-text-editor .elementor-drop-cap-letter{display:inline-block}<\/style>\t\t\t\t<h1 class=\"\\&quot;h1-educatiu\\&quot;\">Biblioteca<\/h1><p>Una biblioteca \u00e9s molt m\u00e9s que un lloc on hi ha llibres ben ordenats i col\u00b7locats a fi que es puguin consultar o llegir. Una biblioteca \u00e9s un espai on pots con\u00e8ixer gent, viatjar a altres llocs, viure aventures, sentir emocions (alegria, tristesa, por&#8230;), aprendre coses de tu, dels altres i del m\u00f3n en qu\u00e8 vivim.<\/p><p>Per\u00f2 la lectura entranya m\u00e9s que una font de plaer i entreteniment. Contribueix al desenvolupament maduratiu de la personalitat no solament en l\u2019\u00e0mbit ling\u00fc\u00edstic, sin\u00f3 tamb\u00e9 en els \u00e0mbits intel\u00b7lectual, emocional, social, moral i espiritual. Tal com explica Yaiza SAIZ a l\u2019article \u201cEls beneficis de la lectura\u201d publicat al diari <em>La Vanguardia<\/em>, la lectura, entre altres beneficis, alimenta la\u00a0imaginaci\u00f3\u00a0i afavoreix la concentraci\u00f3, ajuda a millorar les habilitats socials, com l\u2019empatia, i les habilitats comunicatives.<\/p><p>La lectura \u00e9s l\u2019\u00fanic instrument que t\u00e9 el cervell per a progressar, ens d\u00f3na l\u2019aliment que fa vi ure el cervell.\u201d<\/p><p><strong>Emili Teixidor<\/strong><\/p><p>\u201cLa lectura \u00e9s a la ment el que l\u2019exercici al cos.\u201d<\/p><p><strong>Joseph Addison<\/strong><\/p><div id='gallery-1' class='gallery galleryid-2414 gallery-columns-3 gallery-size-thumbnail'><figure class='gallery-item'>\n\t\t\t<div class='gallery-icon portrait'>\n\t\t\t\t<a href='https:\/\/mariaosso.cat\/escola\/supra-12\/'><img decoding=\"async\" width=\"150\" height=\"150\" src=\"https:\/\/mariaosso.cat\/escola\/wp-content\/uploads\/2018\/03\/image007-150x150.jpg\" class=\"attachment-thumbnail size-thumbnail\" alt=\"\" aria-describedby=\"gallery-1-2432\" \/><\/a>\n\t\t\t<\/div>\n\t\t\t\t<figcaption class='wp-caption-text gallery-caption' id='gallery-1-2432'>\n\t\t\t\tSupra\n\t\t\t\t<\/figcaption><\/figure><figure class='gallery-item'>\n\t\t\t<div class='gallery-icon landscape'>\n\t\t\t\t<a href='https:\/\/mariaosso.cat\/escola\/supra-13\/'><img decoding=\"async\" width=\"150\" height=\"150\" src=\"https:\/\/mariaosso.cat\/escola\/wp-content\/uploads\/2018\/03\/image009-150x150.jpg\" class=\"attachment-thumbnail size-thumbnail\" alt=\"\" aria-describedby=\"gallery-1-2433\" \/><\/a>\n\t\t\t<\/div>\n\t\t\t\t<figcaption class='wp-caption-text gallery-caption' id='gallery-1-2433'>\n\t\t\t\tSupra\n\t\t\t\t<\/figcaption><\/figure><figure class='gallery-item'>\n\t\t\t<div class='gallery-icon landscape'>\n\t\t\t\t<a href='https:\/\/mariaosso.cat\/escola\/supra-11\/'><img decoding=\"async\" width=\"150\" height=\"150\" src=\"https:\/\/mariaosso.cat\/escola\/wp-content\/uploads\/2018\/03\/image005-150x150.jpg\" class=\"attachment-thumbnail size-thumbnail\" alt=\"\" aria-describedby=\"gallery-1-2431\" \/><\/a>\n\t\t\t<\/div>\n\t\t\t\t<figcaption class='wp-caption-text gallery-caption' id='gallery-1-2431'>\n\t\t\t\tSupra\n\t\t\t\t<\/figcaption><\/figure><figure class='gallery-item'>\n\t\t\t<div class='gallery-icon landscape'>\n\t\t\t\t<a href='https:\/\/mariaosso.cat\/escola\/supra-10\/'><img loading=\"lazy\" decoding=\"async\" width=\"150\" height=\"150\" src=\"https:\/\/mariaosso.cat\/escola\/wp-content\/uploads\/2018\/03\/image021-150x150.jpg\" class=\"attachment-thumbnail size-thumbnail\" alt=\"\" aria-describedby=\"gallery-1-2430\" \/><\/a>\n\t\t\t<\/div>\n\t\t\t\t<figcaption class='wp-caption-text gallery-caption' id='gallery-1-2430'>\n\t\t\t\tSupra\n\t\t\t\t<\/figcaption><\/figure><figure class='gallery-item'>\n\t\t\t<div class='gallery-icon landscape'>\n\t\t\t\t<a href='https:\/\/mariaosso.cat\/escola\/supra-9\/'><img loading=\"lazy\" decoding=\"async\" width=\"150\" height=\"150\" src=\"https:\/\/mariaosso.cat\/escola\/wp-content\/uploads\/2018\/03\/image015-150x150.jpg\" class=\"attachment-thumbnail size-thumbnail\" alt=\"\" aria-describedby=\"gallery-1-2427\" \/><\/a>\n\t\t\t<\/div>\n\t\t\t\t<figcaption class='wp-caption-text gallery-caption' id='gallery-1-2427'>\n\t\t\t\tSupra\n\t\t\t\t<\/figcaption><\/figure><figure class='gallery-item'>\n\t\t\t<div class='gallery-icon landscape'>\n\t\t\t\t<a href='https:\/\/mariaosso.cat\/escola\/supra-8\/'><img loading=\"lazy\" decoding=\"async\" width=\"150\" height=\"150\" src=\"https:\/\/mariaosso.cat\/escola\/wp-content\/uploads\/2018\/03\/image013-150x150.jpg\" class=\"attachment-thumbnail size-thumbnail\" alt=\"\" aria-describedby=\"gallery-1-2426\" \/><\/a>\n\t\t\t<\/div>\n\t\t\t\t<figcaption class='wp-caption-text gallery-caption' id='gallery-1-2426'>\n\t\t\t\tSupra\n\t\t\t\t<\/figcaption><\/figure><figure class='gallery-item'>\n\t\t\t<div class='gallery-icon landscape'>\n\t\t\t\t<a href='https:\/\/mariaosso.cat\/escola\/supra-7\/'><img loading=\"lazy\" decoding=\"async\" width=\"150\" height=\"150\" src=\"https:\/\/mariaosso.cat\/escola\/wp-content\/uploads\/2018\/03\/image011-150x150.jpg\" class=\"attachment-thumbnail size-thumbnail\" alt=\"\" aria-describedby=\"gallery-1-2425\" \/><\/a>\n\t\t\t<\/div>\n\t\t\t\t<figcaption class='wp-caption-text gallery-caption' id='gallery-1-2425'>\n\t\t\t\tSupra\n\t\t\t\t<\/figcaption><\/figure>\n\t\t<\/div>\n\t\t\t\t\t\t<\/div>\n\t\t\t\t<\/div>\n\t\t\t\t\t<\/div>\n\t\t\t\t<\/div>\n\t\t\t\t<\/div>\n\t\t","protected":false},"excerpt":{"rendered":"<p>Biblioteca Una biblioteca \u00e9s molt m\u00e9s que un lloc on hi ha llibres ben ordenats i col\u00b7locats a fi que es puguin consultar o llegir. Una biblioteca \u00e9s un espai on pots con\u00e8ixer gent, viatjar a altres llocs, viure aventures, sentir emocions (alegria, tristesa, por&#8230;), aprendre coses de tu, dels altres i del m\u00f3n en [&hellip;]<\/p>\n","protected":false},"author":1,"featured_media":0,"parent":0,"menu_order":0,"comment_status":"closed","ping_status":"closed","template":"","meta":{"site-sidebar-layout":"default","site-content-layout":"","ast-site-content-layout":"","site-content-style":"default","site-sidebar-style":"default","ast-global-header-display":"","ast-banner-title-visibility":"","ast-main-header-display":"","ast-hfb-above-header-display":"","ast-hfb-below-header-display":"","ast-hfb-mobile-header-display":"","site-post-title":"","ast-breadcrumbs-content":"","ast-featured-img":"","footer-sml-layout":"","theme-transparent-header-meta":"","adv-header-id-meta":"","stick-header-meta":"","header-above-stick-meta":"","header-main-stick-meta":"","header-below-stick-meta":"","astra-migrate-meta-layouts":"default","ast-page-background-enabled":"default","ast-page-background-meta":{"desktop":{"background-color":"","background-image":"","background-repeat":"repeat","background-position":"center center","background-size":"auto","background-attachment":"scroll","background-type":"","background-media":"","overlay-type":"","overlay-color":"","overlay-gradient":""},"tablet":{"background-color":"","background-image":"","background-repeat":"repeat","background-position":"center center","background-size":"auto","background-attachment":"scroll","background-type":"","background-media":"","overlay-type":"","overlay-color":"","overlay-gradient":""},"mobile":{"background-color":"","background-image":"","background-repeat":"repeat","background-position":"center center","background-size":"auto","background-attachment":"scroll","background-type":"","background-media":"","overlay-type":"","overlay-color":"","overlay-gradient":""}},"ast-content-background-meta":{"desktop":{"background-color":"var(--ast-global-color-5)","background-image":"","background-repeat":"repeat","background-position":"center center","background-size":"auto","background-attachment":"scroll","background-type":"","background-media":"","overlay-type":"","overlay-color":"","overlay-gradient":""},"tablet":{"background-color":"var(--ast-global-color-5)","background-image":"","background-repeat":"repeat","background-position":"center center","background-size":"auto","background-attachment":"scroll","background-type":"","background-media":"","overlay-type":"","overlay-color":"","overlay-gradient":""},"mobile":{"background-color":"var(--ast-global-color-5)","background-image":"","background-repeat":"repeat","background-position":"center center","background-size":"auto","background-attachment":"scroll","background-type":"","background-media":"","overlay-type":"","overlay-color":"","overlay-gradient":""}},"footnotes":""},"class_list":["post-2414","page","type-page","status-publish","hentry"],"_links":{"self":[{"href":"https:\/\/mariaosso.cat\/escola\/wp-json\/wp\/v2\/pages\/2414","targetHints":{"allow":["GET"]}}],"collection":[{"href":"https:\/\/mariaosso.cat\/escola\/wp-json\/wp\/v2\/pages"}],"about":[{"href":"https:\/\/mariaosso.cat\/escola\/wp-json\/wp\/v2\/types\/page"}],"author":[{"embeddable":true,"href":"https:\/\/mariaosso.cat\/escola\/wp-json\/wp\/v2\/users\/1"}],"replies":[{"embeddable":true,"href":"https:\/\/mariaosso.cat\/escola\/wp-json\/wp\/v2\/comments?post=2414"}],"version-history":[{"count":6,"href":"https:\/\/mariaosso.cat\/escola\/wp-json\/wp\/v2\/pages\/2414\/revisions"}],"predecessor-version":[{"id":4061,"href":"https:\/\/mariaosso.cat\/escola\/wp-json\/wp\/v2\/pages\/2414\/revisions\/4061"}],"wp:attachment":[{"href":"https:\/\/mariaosso.cat\/escola\/wp-json\/wp\/v2\/media?parent=2414"}],"curies":[{"name":"wp","href":"https:\/\/api.w.org\/{rel}","templated":true}]}}