{"id":562,"date":"2016-09-23T09:37:18","date_gmt":"2016-09-23T09:37:18","guid":{"rendered":"https:\/\/mariaosso.cat\/escola\/adreces-dinteres\/"},"modified":"2024-04-13T10:06:51","modified_gmt":"2024-04-13T10:06:51","slug":"adreces-dinteres","status":"publish","type":"page","link":"https:\/\/mariaosso.cat\/escola\/adreces-dinteres\/","title":{"rendered":"Adreces d&#8217;inter\u00e8s"},"content":{"rendered":"\t\t<div data-elementor-type=\"wp-page\" data-elementor-id=\"562\" class=\"elementor elementor-562\">\n\t\t\t\t<div class=\"elementor-element elementor-element-6b0100f8 e-flex e-con-boxed e-con e-parent\" data-id=\"6b0100f8\" data-element_type=\"container\">\n\t\t\t\t\t<div class=\"e-con-inner\">\n\t\t\t\t<div class=\"elementor-element elementor-element-45ef65b1 elementor-widget elementor-widget-text-editor\" data-id=\"45ef65b1\" data-element_type=\"widget\" data-widget_type=\"text-editor.default\">\n\t\t\t\t<div class=\"elementor-widget-container\">\n\t\t\t<style>\/*! elementor - v3.21.0 - 25-04-2024 *\/\n.elementor-widget-text-editor.elementor-drop-cap-view-stacked .elementor-drop-cap{background-color:#69727d;color:#fff}.elementor-widget-text-editor.elementor-drop-cap-view-framed .elementor-drop-cap{color:#69727d;border:3px solid;background-color:transparent}.elementor-widget-text-editor:not(.elementor-drop-cap-view-default) .elementor-drop-cap{margin-top:8px}.elementor-widget-text-editor:not(.elementor-drop-cap-view-default) .elementor-drop-cap-letter{width:1em;height:1em}.elementor-widget-text-editor .elementor-drop-cap{float:left;text-align:center;line-height:1;font-size:50px}.elementor-widget-text-editor .elementor-drop-cap-letter{display:inline-block}<\/style>\t\t\t\t<p><strong><em><u>ADRECES D\u2019INTER\u00c8S<\/u><\/em><\/strong><\/p><p>\u00a0<\/p><p><strong><u>Escola Maria Oss\u00f3:<\/u><\/strong><\/p><p>Tel\u00e8fon: 93.894.07.13<\/p><p>Fax: 93.811.19.20<\/p><p>Correu electr\u00f2nic: <a href=\"\\&quot;mailto:a8053583@xtec.cat\\&quot;\">a8053583@xtec.cat<\/a><\/p><p>\u00a0<\/p><p><strong>Instagram :<\/strong><\/p><p><a href=\"\\&quot;https:\/\/www.instagram.com\/escolamariaosso\/\\&quot;\">https:\/\/www.instagram.com\/escolamariaosso\/<\/a><\/p><p>\u00a0<\/p><p><strong>Web Departament d\u2019Ensenyament:<\/strong><\/p><p><a href=\"\\&quot;http:\/\/www.xtec.cat\/web\/comunitat\/escolaifamilia\\&quot;\">http:\/\/www.xtec.cat\/web\/comunitat\/escolaifamilia<\/a><\/p><p>\u00a0<\/p><p><strong><u>AMPA:<\/u><\/strong><\/p><p>Correu electr\u00f2nic: <a href=\"\\&quot;mailto:ampamariaosso@hotmail.com\\&quot;\">ampamariaosso@hotmail.com<\/a><\/p><p>\u00a0<\/p><p><strong><u>Menjador Escolar:<\/u><\/strong><\/p><p>Tel\u00e8fon: 687.71.54.25<\/p><p>\u00a0<\/p><p><strong><u>Activitats extraescolars \u201cGat per lleure\u201d<\/u><\/strong><\/p><p>Tel\u00e8fon David: 659.13.43.19<\/p><p>Telefon Andrea: 656.56.04.88<\/p><p>Correu: <a href=\"\\&quot;mailto:gatperlleure@gmail.com\\&quot;\">gatperlleure@gmail.com<\/a><\/p><p>\u00a0<\/p><p><strong><u>Ajuntament de Sitges<\/u><\/strong><\/p><p>Pla\u00e7a de l\\&#8217;Ajuntament, 0, 08870 Sitges, Barcelona<\/p><p>Tel\u00e8fon: 938 11 76 00<\/p><p>Horari: 8:00\u201315:00<\/p><p><a href=\"\\&quot;http:\/\/www.sitges.cat\/\\&quot;\">www.sitges.cat<\/a><\/p><p>\u00a0<\/p><p><strong><u>Consell Comarcal:<\/u><\/strong><\/p><p>Pla\u00e7a Beatriu Claramunt n\u00ba 5-8\u00a0 (per tramitar el transport escolar)<\/p><p>Tel\u00e8fon: 93 810 04 00<\/p><p>Persona de contacte: Carme Rosell\u00f3 (93.810.04.00)<\/p><p><a href=\"\\&quot;http:\/\/www.ccgarraf.cat\\&quot;\">www.ccgarraf.cat<\/a><\/p><p>\u00a0<\/p><p><strong><u>Coima Estampaci\u00f3:<\/u><\/strong><\/p><p>C\/Sant Sebasti\u00e0, 8<\/p><p>Tel\u00e8fon: 93.811.41.33<\/p><p>\u00a0<\/p>\t\t\t\t\t\t<\/div>\n\t\t\t\t<\/div>\n\t\t\t\t\t<\/div>\n\t\t\t\t<\/div>\n\t\t\t\t<\/div>\n\t\t","protected":false},"excerpt":{"rendered":"<p>ADRECES D\u2019INTER\u00c8S \u00a0 Escola Maria Oss\u00f3: Tel\u00e8fon: 93.894.07.13 Fax: 93.811.19.20 Correu electr\u00f2nic: a8053583@xtec.cat \u00a0 Instagram : https:\/\/www.instagram.com\/escolamariaosso\/ \u00a0 Web Departament d\u2019Ensenyament: http:\/\/www.xtec.cat\/web\/comunitat\/escolaifamilia \u00a0 AMPA: Correu electr\u00f2nic: ampamariaosso@hotmail.com \u00a0 Menjador Escolar: Tel\u00e8fon: 687.71.54.25 \u00a0 Activitats extraescolars \u201cGat per lleure\u201d Tel\u00e8fon David: 659.13.43.19 Telefon Andrea: 656.56.04.88 Correu: gatperlleure@gmail.com \u00a0 Ajuntament de Sitges Pla\u00e7a de l&#8217;Ajuntament, 0, 08870 [&hellip;]<\/p>\n","protected":false},"author":1,"featured_media":0,"parent":0,"menu_order":0,"comment_status":"closed","ping_status":"closed","template":"","meta":{"site-sidebar-layout":"default","site-content-layout":"","ast-site-content-layout":"default","site-content-style":"default","site-sidebar-style":"default","ast-global-header-display":"","ast-banner-title-visibility":"","ast-main-header-display":"","ast-hfb-above-header-display":"","ast-hfb-below-header-display":"","ast-hfb-mobile-header-display":"","site-post-title":"","ast-breadcrumbs-content":"","ast-featured-img":"","footer-sml-layout":"","theme-transparent-header-meta":"","adv-header-id-meta":"","stick-header-meta":"","header-above-stick-meta":"","header-main-stick-meta":"","header-below-stick-meta":"","astra-migrate-meta-layouts":"set","ast-page-background-enabled":"default","ast-page-background-meta":{"desktop":{"background-color":"","background-image":"","background-repeat":"repeat","background-position":"center center","background-size":"auto","background-attachment":"scroll","background-type":"","background-media":"","overlay-type":"","overlay-color":"","overlay-gradient":""},"tablet":{"background-color":"","background-image":"","background-repeat":"repeat","background-position":"center center","background-size":"auto","background-attachment":"scroll","background-type":"","background-media":"","overlay-type":"","overlay-color":"","overlay-gradient":""},"mobile":{"background-color":"","background-image":"","background-repeat":"repeat","background-position":"center center","background-size":"auto","background-attachment":"scroll","background-type":"","background-media":"","overlay-type":"","overlay-color":"","overlay-gradient":""}},"ast-content-background-meta":{"desktop":{"background-color":"var(--ast-global-color-5)","background-image":"","background-repeat":"repeat","background-position":"center center","background-size":"auto","background-attachment":"scroll","background-type":"","background-media":"","overlay-type":"","overlay-color":"","overlay-gradient":""},"tablet":{"background-color":"var(--ast-global-color-5)","background-image":"","background-repeat":"repeat","background-position":"center center","background-size":"auto","background-attachment":"scroll","background-type":"","background-media":"","overlay-type":"","overlay-color":"","overlay-gradient":""},"mobile":{"background-color":"var(--ast-global-color-5)","background-image":"","background-repeat":"repeat","background-position":"center center","background-size":"auto","background-attachment":"scroll","background-type":"","background-media":"","overlay-type":"","overlay-color":"","overlay-gradient":""}},"footnotes":""},"class_list":["post-562","page","type-page","status-publish","hentry"],"_links":{"self":[{"href":"https:\/\/mariaosso.cat\/escola\/wp-json\/wp\/v2\/pages\/562","targetHints":{"allow":["GET"]}}],"collection":[{"href":"https:\/\/mariaosso.cat\/escola\/wp-json\/wp\/v2\/pages"}],"about":[{"href":"https:\/\/mariaosso.cat\/escola\/wp-json\/wp\/v2\/types\/page"}],"author":[{"embeddable":true,"href":"https:\/\/mariaosso.cat\/escola\/wp-json\/wp\/v2\/users\/1"}],"replies":[{"embeddable":true,"href":"https:\/\/mariaosso.cat\/escola\/wp-json\/wp\/v2\/comments?post=562"}],"version-history":[{"count":4,"href":"https:\/\/mariaosso.cat\/escola\/wp-json\/wp\/v2\/pages\/562\/revisions"}],"predecessor-version":[{"id":3979,"href":"https:\/\/mariaosso.cat\/escola\/wp-json\/wp\/v2\/pages\/562\/revisions\/3979"}],"wp:attachment":[{"href":"https:\/\/mariaosso.cat\/escola\/wp-json\/wp\/v2\/media?parent=562"}],"curies":[{"name":"wp","href":"https:\/\/api.w.org\/{rel}","templated":true}]}}